culate the highest common factor of 27 and t.
9
Suppose 5*d - 9*d + 12 = 0. Suppose -d*o - 8*v + 11*v = -216, v = 0. Calculate the highest common factor of 36 and o.
36
Let r(m) = 19*m + 3. Let t be r(1). Let l be (18 - t)*(-17)/4. Suppose 11*a - l*a = -432. Calculate the highest common factor of 8 and a.
8
Suppose o - 4*a + 9 - 30 = 0, 3*o - 3*a = 18. Let z be 1*(-4)/o - 28. Let m be (-10)/(-3 + z/(-12)). Calculate the greatest common factor of m and 45.
15
Let x be 0 - ((-10)/4 - 19/(-38)). Suppose 0 = 3*s + x*i - 44, -9*s + 12 = -8*s + 2*i. What is the greatest common factor of s and 680?
8
Let o(y) = 143*y**2 - 2679*y - 47. Let q be o(19). What is the greatest common divisor of q and 12015?
135
Suppose 0 = -2*f - 2*f + u + 212, 20 = 5*u. Let h(i) = -48189*i + 337365. Let p be h(7). Calculate the highest common factor of f and p.
6
Suppose s = -4*b, -2*s - s = 5*b. Suppose 9*k + 4*k + 143 = s. Let w(f) = -f**2 - 12*f + 2. Let a be w(k). What is the highest common divisor of 65 and a?
13
Suppose 0 = -u - v + 82 - 27, -5*v + 222 = 4*u. Let i(q) = -q**3 - 120*q**2 + 216*q - 1985. Let p be i(-122). What is the highest common divisor of u and p?
53
Suppose 414 = -32*s + 3870. Suppose -7*w - s = -9*w. Calculate the greatest common factor of w and 261.
9
Let c = -22 + 28. Let g be 0 - (c/4 - 1)*0. Suppose f - 15*f + 476 = g. What is the greatest common divisor of f and 34?
34
Let h(l) = -19*l + 3095. Let f be h(95). What is the highest common divisor of 405 and f?
15
Let u(o) = -o**3 + 33*o**2 - 12*o + 75. Let y(x) = x**3 - 16*x**2 + 19*x - 28. Let z be y(15). Let f be u(z). Calculate the highest common factor of f and 13.
13
Let j(o) = -8*o - 41. Let u be j(-42). Suppose -4*r + 234 = 4*d - 2*r, 0 = -2*d - 5*r + 113. What is the highest common factor of d and u?
59
Suppose -8168 - 3228 = -14*i. What is the greatest common factor of 110 and i?
22
Let v be 3169/4 - 3 - (-2)/(-8). Let p = v + -617. What is the greatest common divisor of p and 215?
43
Suppose 12*d - 1378 = -14*d. Suppose -350 = -d*m + 46*m. Calculate the greatest common divisor of m and 20.
10
Let q = 2636 + -2600. What is the greatest common factor of 3012 and q?
12
Suppose 47*x = 34*x. Suppose -5*f - 5*z + 225 = x, -2*f - 8*z = -3*z - 93. Suppose 484 = h - 0*h. Calculate the highest common factor of f and h.
44
Suppose -222*z + 209*z + 286 = 0. What is the highest common divisor of z and 3454?
22
Let l(d) = 17*d - 9. Let j be l(-7). Let g = j + 219. Let c be 5 - (-3 - 10) - 5. Calculate the greatest common divisor of g and c.
13
Let p(o) = 81*o**3 - 3*o**2 + 22*o + 113. Let g be p(6). What is the highest common factor of 154 and g?
77
Let t(g) = -54*g + 108*g - 7 - 56*g + 5*g**2 - 2*g**2. Let w be t(-3). What is the highest common divisor of 1 and w?
1
Let l be 3 + (-1 - 5) + (8 - 3) + 292. What is the highest common divisor of l and 784?
98
Suppose -170 = -2*s + s. Let w = -17 - 170. Let d be (w/(-66))/(1/6). What is the highest common factor of d and s?
17
Suppose -3*g - 532*t + 757 = -528*t, -g + 5*t = -265. What is the highest common divisor of g and 30?
15
Suppose 0 = -w - 6*b + 4*b + 178, 0 = -5*w + 5*b + 875. Suppose 32*z - 122 = 50*z - 2894. What is the greatest common factor of z and w?
22
Suppose o - 4*q = 242, -4*q - 1009 - 169 = -5*o. What is the greatest common factor of o and 182?
26
Let s(o) = -o**3 - 15*o**2 - 4. Let m(d) = d**3 + 17*d**2 - d + 4. Let q(r) = -5*m(r) - 6*s(r). Let t be q(-3). What is the highest common factor of t and 203?
7
Suppose 4*t + 1671 = -617. Let y = -555 - t. What is the highest common divisor of y and 272?
17
Suppose 9*c - 15 = 4*c. Suppose 2*j - 1135 = -5*m, -5*m - c*j = -3*m - 465. Calculate the highest common divisor of m and 45.
45
Suppose 4*p + 568 + 520 = 0. Let d = -56 - p. Let a(j) = 7*j - 4. Let b be a(4). What is the greatest common factor of b and d?
24
Let q be (1 + -45)*(4 + -3 + -2). Let w = -42 + q. Let n be -5*2*(-3 + w). What is the greatest common factor of 15 and n?
5
Let b be (((-378)/90)/((-1)/(-5)))/(3/(-56)). What is the greatest common divisor of 112 and b?
56
Let z be (381/21 + -1)/((-4)/(-28)). Suppose 0 = -q - 11*y + 12*y + 48, 2*q + 4*y = z. What is the highest common factor of q and 52?
52
Let b be -14 + 84/15*185. What is the greatest common divisor of 1314 and b?
146
Let j = 10 + -7. Suppose 3*m + 3*d + 2 - 233 = 0, -d = j. Let y be 30/(-9) - -3 - m/(-6). What is the highest common divisor of 130 and y?
13
Let x = -4215 - -4467. What is the greatest common divisor of x and 98?
14
Suppose 0 = -16*q + 43*q - 24253 - 19919. What is the highest common factor of 20 and q?
4
Let g = -10123 + 11211. What is the greatest common factor of g and 288?
32
Let h = -22905 + 34427. What is the highest common factor of h and 14?
14
Suppose 0 = 591*s - 550*s - 656. What is the greatest common factor of s and 484?
4
Let j be (-1 - (-110)/4)/(19/6916*26). Calculate the highest common factor of j and 56.
7
Suppose 2*n - 2480 = 22*n. Let k = 137 + n. Calculate the highest common divisor of 13 and k.
13
Let x = -2154 - -2937. What is the greatest common factor of x and 116?
29
Let n(t) = 13 - 20 + t**2 + 3*t + 8 + 12. Let g be n(-6). Suppose g = 5*d - 64. Calculate the greatest common factor of d and 38.
19
Let h(g) = g**2 + g - 23. Let d be h(9). Suppose d*x - 69*x + 40 = 0. Calculate the highest common divisor of x and 25.
5
Let a = -11 - -15. Suppose a*h + 125 - 425 = 0. Suppose -277*w + 180*w = -148*w + 1275. Calculate the highest common factor of w and h.
25
Let j = -279 + 391. Let a = j + -56. Suppose -b + 68 = a. What is the greatest common divisor of 18 and b?
6
Let i(q) = 2*q**3 - 71*q**2 + 60*q - 141. Let a be i(36). What is the highest common divisor of 442 and a?
221
Suppose -42041 = -2*q - 42009. Calculate the greatest common divisor of 21648 and q.
16
Suppose 4*l - 1217 = 5*q, 3*l = q + q + 911. Suppose 3*y - 1160 = -2*s - l, 5*s = 2*y - 603. What is the highest common factor of 51 and y?
17
Suppose 0 = 28*x - 4494 + 1638. Calculate the highest common factor of x and 3825.
51
Let s(x) = 638 - 327 - 2*x + 0*x - 333. Let z be s(-17). Calculate the greatest common divisor of z and 28.
4
Let n(x) = x**3 + 4*x**2 - 18*x + 4. Let i be n(-8). Let f be (6/(-3))/(0 - (-8)/i). Suppose -7*y + 125 - f = 0. What is the highest common divisor of 98 and y?
14
Suppose -105042 = -5*k - 4*j, -10*k - j = -0*j - 210098. What is the greatest common divisor of k and 110?
110
Let t(i) = -29 - i**2 + 21 + 16 + 2*i. Let s be t(4). Suppose -25 = -2*r + 3*k, 4*k + 37 = 3*r - s*k. What is the greatest common factor of r and 99?
11
Let g = -2339 + 4320. What is the greatest common factor of g and 7?
7
Let s(i) = -2*i - 22. Let w be -10 + -2 - (2 + -1 + -1). Let n be s(w). Suppose -98 = -n*a - 26. What is the greatest common divisor of a and 24?
12
Let x(i) = -27*i + 3. Let b be 2 - ((0 - 2) + 10). Let s be x(b). Let p = -13139 - -13154. Calculate the highest common factor of p and s.
15
Suppose 71301 = 70*q + 14461. Calculate the highest common factor of 56 and q.
28
Let x(j) = -2179*j - 691. Let u be x(-1). What is the highest common divisor of 288 and u?
48
Let o be (14 - 12) + (-2 - 0). Suppose 5*h - 9*h + 64 = o. Suppose 2*v = 17 + 15. Calculate the highest common factor of h and v.
16
Suppose 5*g - 4*l - 43 = -15, 3*l = -6. Let v be 181/1 + g + -10. What is the highest common factor of 70 and v?
35
Suppose 3*m - 4*a - 208 = 510, -a = 6*m - 1481. Calculate the greatest common divisor of m and 1558.
82
Let v(g) = 3*g**2 - 48*g + 187. Let z be v(5). What is the highest common divisor of 36 and z?
2
Suppose -4*u - 36*x + 39*x + 240 = 0, 209 = 3*u + 5*x. Calculate the highest common divisor of 7413 and u.
21
Suppose -176 = -5*w + 4*w + 4*b, -4*w = 5*b - 788. Suppose 0 = -5*r + 4*o - 81 + 401, w = 3*r + 5*o. Calculate the highest common factor of 48 and r.
16
Let d = -1133 - -1149. What is the greatest common divisor of d and 556?
4
Suppose -4*i = -i - 252. Suppose 22153*u - 22474*u = -60669. What is the highest common factor of u and i?
21
Let v be 18/(-15) - (-26)/5. Let t be 156/v*8/12. What is the highest common factor of t and 104?
26
Suppose -5*y + 5*x - 2023 = 8*x, -3*x = -12. Let s = -131 - y. Calculate the highest common factor of 3 